 tens digit of 32 - (-2 + (0 - -4))?
3
Let j(z) = -10*z - 3. What is the units digit of j(-1)?
7
Suppose -2*n = -3*r + 17 + 9, 4*n = r + 8. Suppose -r = -f - f. What is the units digit of f?
6
Let a be 1*((-46)/(-2) - 0). Suppose -a = -4*s - s - 3*n, -2*n + 14 = 3*s. Suppose 4*o + 3 = p, -5*o - 27 = -s*p - 4*o. What is the units digit of p?
7
Let o(t) = -3*t - 2. Let x(c) = -c - 1. Let a(z) = o(z) - x(z). What is the units digit of a(-2)?
3
Let p(f) = -2*f - 6. Let a be p(-4). Let t = 3 - a. What is the units digit of t?
1
Let x be (-372)/(-20) - 2/(-5). Let v = 11 - x. What is the units digit of 3*(v/(-3))/1?
8
Let m be (-6)/(-33) - (-158)/(-22). What is the units digit of (-93)/m - 4/14?
3
Suppose 9*k - 4*k = 260. What is the units digit of k?
2
Suppose 0 = k + 2 - 34. Let l = 10 + k. What is the tens digit of l?
4
Let x(g) = 5*g + 5. Suppose -3 = -n + 2. Let w be x(n). Suppose -4*a - 17 = -3*d, 0*d = -5*d + 5*a + w. What is the units digit of d?
7
Let k be 9/(-15) + (-2)/5. Let r = 11 - k. What is the units digit of r?
2
Let z be ((-6)/(-5))/((-12)/(-200)). Suppose -a = -3*a + z. What is the tens digit of a?
1
Suppose -3*b + 54 = -33. What is the units digit of b?
9
Suppose h = -f + 9, -4*h + 2*h - 4*f = -28. Suppose 0*m + h*m = 88. What is the units digit of m?
2
Let p(b) = 4*b**3 - 2*b**2 + b. Let s be p(1). Suppose s*n = 10 + 2. What is the units digit of n?
4
Suppose v + 3*z = 1, 3*z = 3*v + 4*z + 5. Let p be ((0/(-2))/v)/(-2). What is the units digit of p + ((-9)/(-3))/3?
1
What is the tens digit of (-1 + 0)/((-1)/17)?
1
Suppose d + 5 = -2*y, -y - 3*y - 28 = -4*d. Suppose -c = d*z - 29, 0*c = -4*z + 2*c + 42. What is the tens digit of z?
1
Suppose 4*j + 23 = n, -n + 67 = 4*n + 4*j. What is the tens digit of n?
1
Let c = 34 - -19. What is the tens digit of c?
5
Let t = 3 - 0. Suppose 2*l = 4*m + 44, 5*m - 18 + 80 = t*l. What is the tens digit of l?
1
Let c be (-6)/((-14)/8 + 1). Let r = -4 + c. Suppose 5*u = u + r. What is the units digit of u?
1
Let b(x) = x**2 + 2*x. Let w be b(-3). Suppose w*o + 4*g - 28 = 0, 0 = -2*o - 0*g + 2*g. What is the units digit of o?
4
Let r be -3 + 3 - (-23 - 1). Suppose -4*c - 17 = -k + 23, 5*c - k + 51 = 0. Let x = r + c. What is the tens digit of x?
1
Let m be (1/(-3))/(10/(-240)). Let r = 27 + m. What is the tens digit of r?
3
What is the tens digit of 4 + (23 - (1 - 5))?
3
Suppose -5*p + 3*w = -25, 2*p + 3*w = 5*w + 6. Suppose -c = -3*j + 5*j - p, -30 = -4*j + 5*c. What is the units digit of (3 - 6) + 2 + j?
4
Let w(a) = 5*a**2 + 1. Let k be w(-1). Let b(c) = -c**2 + 7*c - 9. Let r be b(k). Let s = 2 - r. What is the units digit of s?
5
Let s = 233 - -14. What is the tens digit of s?
4
Let y = 19 - 19. Suppose 5*b - 43 = -2*f, y*f - 3*f = -3*b - 96. What is the tens digit of f?
2
Let l = -37 + 40. What is the units digit of l?
3
Suppose c = 2*y - 12, 2*y + 2*y + 3*c = 24. Suppose -y*p + 16 = -2*p. Suppose -p*v + 40 = 4*u, -4*v + 4*u - 3*u + 35 = 0. What is the units digit of v?
9
Let r be (-1)/(3 + (-147)/48). Suppose 0 = -s + r + 7. What is the units digit of s?
3
Suppose -3*t - t + 12 = -4*x, 2*x = 5*t - 12. Suppose 2*y = 4*c + 4, t*y - 22 = 2*c - 7*c. Let r(g) = g + 4. What is the units digit of r(y)?
0
Let m = 389 + -885. What is the units digit of m/(-28) + (-4)/(-14)?
8
Suppose 0 = -2*x + 63 + 179. What is the hundreds digit of x?
1
Suppose 0 = 3*l - 2 - 40. What is the units digit of l?
4
Suppose p - 48 = -5*d, 5*p + 12 + 28 = 3*d. Let v be 5*(-1)/2*d. Let u = v - -35. What is the tens digit of u?
1
Suppose 5*l + 3*c = 222, 0*l - 3*c - 138 = -3*l. What is the tens digit of l?
4
Suppose -3*i = -0*i - 63. Suppose i = -4*n + 5*n. What is the tens digit of n?
2
Let r(u) = -u**3 - 10*u**2 - 13*u - 6. Let m be r(-9). Let f = m - 15. What is the tens digit of f?
1
Let d = 10 + -7. Suppose d*y + 28 = y. What is the units digit of 288/14 - 6/y?
1
Let c be -6 + 6 + 106 + -1. What is the units digit of c/(-14)*(-4)/6?
5
Suppose -23 = -4*d - 7. What is the units digit of d?
4
Suppose -2*w - 12 - 36 = 0. What is the tens digit of (-3 + w/(-9))*-81?
2
Let y = -16 - -10. Let c = y + 4. What is the units digit of 2 + c - (-2 - -1)?
1
What is the units digit of ((-130)/(-40) - 2/8)/1?
3
Let v(q) = 2*q**2 + 11*q. What is the units digit of v(-6)?
6
Let d = 14 - -1. Suppose -281 = 5*u - 91. What is the units digit of 6/d + u/(-5)?
8
Suppose 3*f + 150 = 6*f. What is the units digit of f?
0
Let n = -4 - 0. Let c = 4 + n. Suppose c = 6*t - 2*t - 24. What is the units digit of t?
6
Suppose 5*h - 115 = 5*g, -5*h - 4*g = -73 - 69. What is the tens digit of h?
2
Suppose -9 = -5*a - 2*i + 26, -7 = -a - 3*i. What is the tens digit of (-8)/(a/(105/(-6)))?
2
Let q = 6 - 11. What is the units digit of ((0 - -2)*q)/(-2)?
5
Suppose -4*i - 576 = -4*u, -2*u + 21 = i - 258. What is the tens digit of u?
4
Let q = -10 + 15. Suppose q*p - 27 + 2 = 0. What is the units digit of p?
5
Suppose t = 5*d - 145, -2*t = 3*d - 40 - 47. What is the units digit of d?
9
Let d(x) = x - 2. Let v(n) = 2*n - 4. Let t(a) = 5*d(a) - 3*v(a). Suppose -3*g - 7 = 4*u - 0*u, -31 = 4*u - 5*g. What is the units digit of t(u)?
6
Suppose 0 = -u - 3*u + 16. Suppose -u*n - 8 - 24 = -4*p, -p + 2*n + 13 = 0. What is the units digit of p?
3
Suppose 2*d + 22 = -5*b + 90, 4*d - 108 = -3*b. What is the tens digit of d?
2
Suppose -3*u + 4 = 22. Let v = u - -25. What is the tens digit of v?
1
Let u(l) = 8*l**2 - 3*l + 5. Let f be u(-5). What is the tens digit of 2/7 - f/(-14)?
1
What is the units digit of 8/(-28) - 1707/(-21)?
1
Let x(h) = 14*h - 5. Let z be x(9). Suppose z = 5*a - 59. What is the tens digit of a?
3
Suppose -4*m - 5 + 21 = 0. Suppose 0 = -s - 3*s + m*d + 8, -3*d + 22 = s. Let l = 12 - s. What is the units digit of l?
5
Let k = -41 - -63. What is the tens digit of k?
2
Let f be (0 - 4/10)*-5. Suppose 35 = 5*a - 5*g + 135, 5*a - g = -84. What is the units digit of (-1)/(f/(a/1))?
8
Suppose 3*f = -m + 8*f + 19, -5*m = -f - 23. Suppose h - m*a - 112 = -4*h, 0 = -h - 4*a + 8. What is the tens digit of h?
2
Let z be (-85)/(-25) + 4/(-10). What is the units digit of (z + -1)/1 - -22?
4
Suppose 1 = 3*c - 4*c. What is the units digit of 2 - 0 - c - -14?
7
Let c be (-2)/(-2) - (1 - 3). Suppose -5*u = -7 - c. What is the units digit of u?
2
Suppose 0*c - 12 = -3*c. What is the units digit of c - 1/(-2)*0?
4
Suppose 2*o - 6*d - 17 = -d, 5*o - d = 100. Let h = o - 13. Suppose 0 = 3*u - u - h. What is the units digit of u?
4
Let n be (-8)/(-20) + 88/5. What is the units digit of (-3 + 11)/(-4) + n?
6
Suppose -2*a + 3*a = 0. Suppose a = -c + 4. Suppose -9 = -5*y - c. What is the units digit of y?
1
Let j = 29 + -21. Let s = j - 6. Suppose 2*f + s*u + 2*u = 4, 0 = 3*f - 5*u - 39. What is the units digit of f?
8
Let r be (-10)/(-3) + 2/3. Suppose r*y + 4*m = 28, 3*m = -y + 5*y - 35. What is the units digit of y?
8
Suppose -4*c = 4*m - 8, 4*m + 3*c = -0*m + 12. Let k = m - 0. What is the units digit of k?
6
Let b = -7 - -10. What is the units digit of b?
3
Let p be 6/(-27) + (-68)/18. Let h be (2 + p)*(-2)/(-2). What is the units digit of (-3 + -1 - h) + 8?
6
Let c be (4/(-6))/((-10)/105). Suppose 0 = -c*z + 2*z - 5, z = -4*y + 39. What is the tens digit of y?
1
Let h(t) = 3*t. Let z be h(1). Suppose -2 = -z*n + 2*n. What is the units digit of n?
2
Let p(x) = 25*x**2 + 8. Let h be p(-4). What is the tens digit of h/21 - 3/7?
1
Suppose 3*y - 45 = -5*v, -6*y + 3*v = -3*y - 21. Let z = y + -5. Suppose l - 9 = -z. What is the units digit of l?
4
What is the hundreds digit of (0 + 9)/(1*1/19)?
1
Suppose 0 = 2*b - 0*b. Let a = -49 + 68. Suppose b = 5*o - 94 + a. What is the units digit of o?
5
Let k = 159 - 70. What is the tens digit of k?
8
Suppose 10*l = 7*l - 72. What is the tens digit of (0 - -3)*(-176)/l?
2
Let b(o) be the first derivative of o**2/2 + o - 1. Let p be b(1). Suppose -p*x = -x - 5*v - 4, -4*v = 5*x - 20. What is the units digit of x?
4
Let p(q) = -q + 3. Let w be p(3). Suppose -5*i + 5*y = -50, 2*y = i - w*i - 9. Suppose 5*s - i + 1 = 0. What is the units digit of s?
2
What is the tens digit of (-4)/20*2 - (-1582)/5?
1
Let y = 11 - 9. Suppose -2*k + p = 4*p + 1, -y*k + 39 = -5*p. Suppose 5*s - 5*r - 27 + k = 0, 10 = 2*s - 3*r. What is the units digit of